{"id":21,"date":"2020-02-23T12:02:12","date_gmt":"2020-02-23T12:02:12","guid":{"rendered":"http:\/\/holger-montag.de\/?page_id=21"},"modified":"2025-02-13T18:02:52","modified_gmt":"2025-02-13T18:02:52","slug":"holger-montag","status":"publish","type":"page","link":"https:\/\/holger-montag.de\/?page_id=21","title":{"rendered":"Holger Montag"},"content":{"rendered":"\r\n<h2 class=\"wp-block-image\">Holger Montag<\/h2>\r\n<p>&nbsp;<\/p>\r\n<hr \/>\r\n<figure class=\"wp-block-image\"><img loading=\"lazy\" decoding=\"async\" class=\"alignnone wp-image-95\" src=\"http:\/\/holger-montag.de\/wp-content\/uploads\/2020\/02\/1205HolgerMontagSW-1.jpg\" alt=\"\" width=\"186\" height=\"270\" \/><\/figure>\r\n<p>geb. 1970, lebt als freier Schriftsteller, Bildender K\u00fcnstler, Zeichner, Illustrator, Verleger und Dozent in Saarbr\u00fccken.<\/p>\r\n<p>Seine T\u00e4tigkeitsfelder als<\/p>\r\n<ul>\r\n<li>Schriftsteller<\/li>\r\n<li>K\u00fcnstler<\/li>\r\n<li>Projekt-\/Workshopleiter<\/li>\r\n<li>Freelancer<\/li>\r\n<\/ul>\r\n<p>haben wir nachstehend f\u00fcr Sie zusammengefasst.<\/p>\r\n<p>&nbsp;<\/p>\r\n<hr \/>\r\n<p>&nbsp;<\/p>\r\n<ul>\r\n<li><span style=\"color: #339966;\"><strong>Der Schriftsteller Holger Montag<\/strong><\/span><\/li>\r\n<\/ul>\r\n\r\n\r\n\r\n\r\n\r\n<p><img loading=\"lazy\" decoding=\"async\" class=\"alignnone  wp-image-1532\" src=\"https:\/\/holger-montag.de\/wp-content\/uploads\/2025\/01\/MlR6MHkg-1024x683.jpeg\" alt=\"\" width=\"500\" height=\"334\" srcset=\"https:\/\/holger-montag.de\/wp-content\/uploads\/2025\/01\/MlR6MHkg-1024x683.jpeg 1024w, https:\/\/holger-montag.de\/wp-content\/uploads\/2025\/01\/MlR6MHkg-300x200.jpeg 300w, https:\/\/holger-montag.de\/wp-content\/uploads\/2025\/01\/MlR6MHkg-768x512.jpeg 768w, https:\/\/holger-montag.de\/wp-content\/uploads\/2025\/01\/MlR6MHkg-1536x1024.jpeg 1536w, https:\/\/holger-montag.de\/wp-content\/uploads\/2025\/01\/MlR6MHkg.jpeg 1920w\" sizes=\"auto, (max-width: 500px) 100vw, 500px\" \/> \u00a0 <img loading=\"lazy\" decoding=\"async\" class=\"alignnone  wp-image-1515\" src=\"https:\/\/holger-montag.de\/wp-content\/uploads\/2025\/01\/Lesung6-678x1024.jpg\" alt=\"\" width=\"179\" height=\"270\" srcset=\"https:\/\/holger-montag.de\/wp-content\/uploads\/2025\/01\/Lesung6-678x1024.jpg 678w, https:\/\/holger-montag.de\/wp-content\/uploads\/2025\/01\/Lesung6-199x300.jpg 199w, https:\/\/holger-montag.de\/wp-content\/uploads\/2025\/01\/Lesung6-768x1160.jpg 768w, https:\/\/holger-montag.de\/wp-content\/uploads\/2025\/01\/Lesung6-1017x1536.jpg 1017w, https:\/\/holger-montag.de\/wp-content\/uploads\/2025\/01\/Lesung6-1356x2048.jpg 1356w, https:\/\/holger-montag.de\/wp-content\/uploads\/2025\/01\/Lesung6.jpg 1638w\" sizes=\"auto, (max-width: 179px) 100vw, 179px\" \/> \u00a0 <img loading=\"lazy\" decoding=\"async\" class=\"alignnone  wp-image-1544\" src=\"https:\/\/holger-montag.de\/wp-content\/uploads\/2025\/02\/IMG-20181211-WA0003-1.jpg\" alt=\"\" width=\"320\" height=\"270\" srcset=\"https:\/\/holger-montag.de\/wp-content\/uploads\/2025\/02\/IMG-20181211-WA0003-1.jpg 768w, https:\/\/holger-montag.de\/wp-content\/uploads\/2025\/02\/IMG-20181211-WA0003-1-300x253.jpg 300w\" sizes=\"auto, (max-width: 320px) 100vw, 320px\" \/><\/p>\r\n<p>Seinem Deb\u00fctroman <span style=\"color: #339966;\"><em>Reisen mit Pippo<\/em><\/span> \u00fcber eine deutsch-italienische Gro\u00dffamilie folgten der \u00dc-30-Roman <span style=\"color: #339966;\"><em>Liebe oder so<\/em><\/span>, der vieldiskutierte, experimentelle Thriller <span style=\"color: #339966;\"><em>Schwarzer Wald <\/em><\/span>sowie die Kinderb\u00fccher <em><span style=\"color: #339966;\">Der Entefant<\/span>, <\/em><span style=\"color: #339966;\"><em>Uxe &amp; die Calaveras<\/em><\/span>, dessen englischsprachige Version<em><span style=\"color: #339966;\"> Uxe and the Calaveras<\/span> <\/em>sowie <em><span style=\"color: #339966;\">Der Rocket M\u00e4n<\/span>.<br \/><\/em><\/p>\r\n<p>Im Jahr 2018 entstand das <span style=\"color: #008000;\"><em><span style=\"color: #339966;\">Deutsch-Arabische M\u00e4rchenbuch<\/span> <\/em><\/span>als Auftragsarbeit der<em> Caritas, <\/em>in welchem arabische sowie M\u00e4rchen von Wilhelm Hauff und der Br\u00fcder Grimm mit viel Wortwitz neu interpretiert, durch Dialoge aufgefrischt, von schlimmen Grausamkeiten befreit und mit einem Schuss Romantik gew\u00fcrzt wurden.<\/p>\r\n<p>Weitere B\u00fccher &#8211; darunter ein Low-Carb-Kochbuch &#8211; und E-Books erg\u00e4nzen die literarische Palette, sie wurden allerdings unter Pseudonymen ver\u00f6ffentlicht.<\/p>\r\n\r\n\r\n\r\n<p>Holger Montag wurde 2012 mit dem Otto-Weil-Kulturpreis ausgezeichnet.<\/p>\r\n<p>Neben <a href=\"https:\/\/holger-montag.de\/?page_id=65\">Romanen und Kinderb\u00fcchern<\/a> schreibt er Drehb\u00fccher f\u00fcr Theater und Fernsehen, <a href=\"http:\/\/holger-montag.de\/?page_id=153&amp;preview=true\" target=\"_blank\" rel=\"noreferrer noopener\" aria-label=\"Auftragstexte f\u00fcr Unternehmen und Organisationen (\u00f6ffnet in neuem Tab)\">Auftragstexte f\u00fcr Unternehmen und Organisationen<\/a>, Songtexte f\u00fcr Musiker, spielt Koffertheater \u2013 und gelegentlich als Statist in Fernseh-Produktionen mit.<\/p>\r\n<p>&nbsp;<\/p>\r\n<ul>\r\n<li><span style=\"color: #339966;\"><strong>Der K\u00fcnstler Holger Montag<\/strong><\/span><\/li>\r\n<\/ul>\r\n\r\n\r\n\r\n<p><img loading=\"lazy\" decoding=\"async\" class=\"alignnone  wp-image-1256\" src=\"https:\/\/holger-montag.de\/wp-content\/uploads\/2023\/06\/IMG_20230322_204436-1024x766.jpg\" alt=\"\" width=\"501\" height=\"374\" srcset=\"https:\/\/holger-montag.de\/wp-content\/uploads\/2023\/06\/IMG_20230322_204436-1024x766.jpg 1024w, https:\/\/holger-montag.de\/wp-content\/uploads\/2023\/06\/IMG_20230322_204436-300x225.jpg 300w, https:\/\/holger-montag.de\/wp-content\/uploads\/2023\/06\/IMG_20230322_204436-768x575.jpg 768w, https:\/\/holger-montag.de\/wp-content\/uploads\/2023\/06\/IMG_20230322_204436-1536x1150.jpg 1536w, https:\/\/holger-montag.de\/wp-content\/uploads\/2023\/06\/IMG_20230322_204436-2048x1533.jpg 2048w\" sizes=\"auto, (max-width: 501px) 100vw, 501px\" \/>\u00a0 <img loading=\"lazy\" decoding=\"async\" class=\"alignnone  wp-image-1531\" src=\"https:\/\/holger-montag.de\/wp-content\/uploads\/2025\/01\/IMG_20240722_202813.jpg\" alt=\"\" width=\"499\" height=\"492\" srcset=\"https:\/\/holger-montag.de\/wp-content\/uploads\/2025\/01\/IMG_20240722_202813.jpg 590w, https:\/\/holger-montag.de\/wp-content\/uploads\/2025\/01\/IMG_20240722_202813-300x296.jpg 300w, https:\/\/holger-montag.de\/wp-content\/uploads\/2025\/01\/IMG_20240722_202813-100x100.jpg 100w\" sizes=\"auto, (max-width: 499px) 100vw, 499px\" \/><\/p>\r\n<p>Die Vernissage zur letzten Kunstausstellung von Holger Montag (&#8222;Titel HORIZONTE&#8220;) fand im September 2024 in der Galerie KunstRaum in Saarbr\u00fccken statt.<\/p>\r\n<p>Seine mittel- und gro\u00dfformatige, moderne Kunst vertreibt Holger Montag unter der Domain <a href=\"http:\/\/www.belmontag.de\">belmontag.de.<\/a><\/p>\r\n<p>Mit eigenen Linoldrucken, Tuschzeichnungen und handbearbeiteten Bilderrahmen ist Holger Montag auch auf zahlreichen Kunsthandwerker- und Weihnachtsm\u00e4rkten der Region vertreten.<\/p>\r\n<p>Und nat\u00fcrlich illustriert er seine Kinderb\u00fccher selbst &#8211; meist mit Linoldrucken. Die Kunst des Linoldrucks erlernen Kinder wiederum im Rahmen seines Projekts &#8222;Autorenlesung und Linoldruck f\u00fcr Grundsch\u00fcler&#8220;.<\/p>\r\n<p>&nbsp;<\/p>\r\n<ul>\r\n<li><span style=\"color: #339966;\"><strong>Der Projekt-\/Workshopleiter Holger Montag<\/strong><\/span><\/li>\r\n<\/ul>\r\n<p>\u00a0 <img loading=\"lazy\" decoding=\"async\" class=\"alignnone  wp-image-1534\" src=\"https:\/\/holger-montag.de\/wp-content\/uploads\/2025\/01\/2024-12-16_Projekt_HMontag\u00a9LBlum-16-1024x768.jpg\" alt=\"\" width=\"500\" height=\"375\" srcset=\"https:\/\/holger-montag.de\/wp-content\/uploads\/2025\/01\/2024-12-16_Projekt_HMontag\u00a9LBlum-16-1024x768.jpg 1024w, https:\/\/holger-montag.de\/wp-content\/uploads\/2025\/01\/2024-12-16_Projekt_HMontag\u00a9LBlum-16-300x225.jpg 300w, https:\/\/holger-montag.de\/wp-content\/uploads\/2025\/01\/2024-12-16_Projekt_HMontag\u00a9LBlum-16-768x576.jpg 768w, https:\/\/holger-montag.de\/wp-content\/uploads\/2025\/01\/2024-12-16_Projekt_HMontag\u00a9LBlum-16-1536x1152.jpg 1536w, https:\/\/holger-montag.de\/wp-content\/uploads\/2025\/01\/2024-12-16_Projekt_HMontag\u00a9LBlum-16-2048x1536.jpg 2048w\" sizes=\"auto, (max-width: 500px) 100vw, 500px\" \/>\u00a0 <img loading=\"lazy\" decoding=\"async\" class=\"alignnone  wp-image-1535\" src=\"https:\/\/holger-montag.de\/wp-content\/uploads\/2025\/01\/2024-12-16_Projekt_HMontag\u00a9LBlum-69-1024x768.jpg\" alt=\"\" width=\"500\" height=\"375\" srcset=\"https:\/\/holger-montag.de\/wp-content\/uploads\/2025\/01\/2024-12-16_Projekt_HMontag\u00a9LBlum-69-1024x768.jpg 1024w, https:\/\/holger-montag.de\/wp-content\/uploads\/2025\/01\/2024-12-16_Projekt_HMontag\u00a9LBlum-69-300x225.jpg 300w, https:\/\/holger-montag.de\/wp-content\/uploads\/2025\/01\/2024-12-16_Projekt_HMontag\u00a9LBlum-69-768x576.jpg 768w, https:\/\/holger-montag.de\/wp-content\/uploads\/2025\/01\/2024-12-16_Projekt_HMontag\u00a9LBlum-69-1536x1152.jpg 1536w, https:\/\/holger-montag.de\/wp-content\/uploads\/2025\/01\/2024-12-16_Projekt_HMontag\u00a9LBlum-69-2048x1536.jpg 2048w\" sizes=\"auto, (max-width: 500px) 100vw, 500px\" \/><\/p>\r\n<p>Seit 2016 f\u00fchrt Holger Montag freiberuflich an Grundschulen der Region (Saarland, Rheinland-Pfalz, Hessen) Lesungen und <a href=\"http:\/\/www.holger-montag.de\/?page_id=98\">Linoldruck-Workshops<\/a> durch. (Bundesweite Buchung auf Anfrage m\u00f6glich.)<\/p>\r\n<p>Die Workshops sind Teil seines Projekts &#8222;Autorenlesung und Linoldruck f\u00fcr Grundsch\u00fcler&#8220;, in welchem der aus Sch\u00fclersicht passive Teil des Zuh\u00f6rens durch einen aktiven Workshop-Teil erg\u00e4nzt wird und beide Teile miteinander kombiniert werden.<\/p>\r\n<p>&nbsp;<\/p>\r\n<ul>\r\n<li><span style=\"color: #339966;\"><strong>Der Freelancer Holger Montag<\/strong><\/span><\/li>\r\n<\/ul>\r\n<p>Sein sprachliches Talent als Autor und sein Know-How um die journalistische Aufbereitung von Texten bietet Holger Montag auch in Funktion eines <a href=\"https:\/\/holger-montag.de\/?page_id=153\">Freelancers<\/a> an. Sein Repertoire beim Verfassen und Redigieren von Auftragsarbeiten umfasst sowohl prosaische wie auch technische Texte.<\/p>\r\n\r\n\r\n\r\n<div class=\"wp-block-spacer\" style=\"height: 50px;\" aria-hidden=\"true\">\u00a0<\/div>\r\n\r\n\r\n\r\n<p class=\"has-text-color has-background has-very-light-gray-color\" style=\"background-color: #327454;\">Anfragen + Bestellungen unter <a href=\"mailto:info@holger-montag.de\"><strong>info@holger-montag.de<\/strong><\/a><\/p>\r\n","protected":false},"excerpt":{"rendered":"<p>\u00a0 \u00a0 Seinem Deb\u00fctroman Reisen mit Pippo \u00fcber eine deutsch-italienische Gro\u00dffamilie folgten der \u00dc-30-Roman Liebe oder so, der vieldiskutierte, experimentelle Thriller Schwarzer Wald sowie die Kinderb\u00fccher Der Entefant, Uxe &amp; die Calaveras, dessen englischsprachige Version Uxe and the Calaveras sowie Der Rocket M\u00e4n. Im Jahr 2018 entstand das Deutsch-Arabische M\u00e4rchenbuch als Auftragsarbeit der Caritas, in &hellip; <\/p>\n<p class=\"link-more\"><a href=\"https:\/\/holger-montag.de\/?page_id=21\" class=\"more-link\"><span class=\"screen-reader-text\">\u201eHolger Montag\u201c<\/span> weiterlesen<\/a><\/p>\n","protected":false},"author":1,"featured_media":0,"parent":0,"menu_order":1,"comment_status":"closed","ping_status":"closed","template":"","meta":{"footnotes":""},"class_list":["post-21","page","type-page","status-publish","hentry"],"_links":{"self":[{"href":"https:\/\/holger-montag.de\/index.php?rest_route=\/wp\/v2\/pages\/21","targetHints":{"allow":["GET"]}}],"collection":[{"href":"https:\/\/holger-montag.de\/index.php?rest_route=\/wp\/v2\/pages"}],"about":[{"href":"https:\/\/holger-montag.de\/index.php?rest_route=\/wp\/v2\/types\/page"}],"author":[{"embeddable":true,"href":"https:\/\/holger-montag.de\/index.php?rest_route=\/wp\/v2\/users\/1"}],"replies":[{"embeddable":true,"href":"https:\/\/holger-montag.de\/index.php?rest_route=%2Fwp%2Fv2%2Fcomments&post=21"}],"version-history":[{"count":49,"href":"https:\/\/holger-montag.de\/index.php?rest_route=\/wp\/v2\/pages\/21\/revisions"}],"predecessor-version":[{"id":1559,"href":"https:\/\/holger-montag.de\/index.php?rest_route=\/wp\/v2\/pages\/21\/revisions\/1559"}],"wp:attachment":[{"href":"https:\/\/holger-montag.de\/index.php?rest_route=%2Fwp%2Fv2%2Fmedia&parent=21"}],"curies":[{"name":"wp","href":"https:\/\/api.w.org\/{rel}","templated":true}]}}

<h2 class="wp-block-image">Holger Montag</h2>
<p>&nbsp;</p>
<hr />
<figure class="wp-block-image"><img loading="lazy" decoding="async" class="alignnone wp-image-95" src="http://holger-montag.de/wp-content/uploads/2020/02/1205HolgerMontagSW-1.jpg" alt="" width="186" height="270" /></figure>
<p>geb. 1970, lebt als freier Schriftsteller, Bildender Künstler, Zeichner, Illustrator, Verleger und Dozent in Saarbrücken.</p>
<p>Seine Tätigkeitsfelder als</p>
<ul>
<li>Schriftsteller</li>
<li>Künstler</li>
<li>Projekt-/Workshopleiter</li>
<li>Freelancer</li>
</ul>
<p>haben wir nachstehend für Sie zusammengefasst.</p>
<p>&nbsp;</p>
<hr />
<p>&nbsp;</p>
<ul>
<li><span style="color: #339966;"><strong>Der Schriftsteller Holger Montag</strong></span></li>
</ul>





<p><img loading="lazy" decoding="async" class="alignnone  wp-image-1532" src="https://holger-montag.de/wp-content/uploads/2025/01/MlR6MHkg-1024x683.jpeg" alt="" width="500" height="334" srcset="https://holger-montag.de/wp-content/uploads/2025/01/MlR6MHkg-1024x683.jpeg 1024w, https://holger-montag.de/wp-content/uploads/2025/01/MlR6MHkg-300x200.jpeg 300w, https://holger-montag.de/wp-content/uploads/2025/01/MlR6MHkg-768x512.jpeg 768w, https://holger-montag.de/wp-content/uploads/2025/01/MlR6MHkg-1536x1024.jpeg 1536w, https://holger-montag.de/wp-content/uploads/2025/01/MlR6MHkg.jpeg 1920w" sizes="auto, (max-width: 500px) 100vw, 500px" />   <img loading="lazy" decoding="async" class="alignnone  wp-image-1515" src="https://holger-montag.de/wp-content/uploads/2025/01/Lesung6-678x1024.jpg" alt="" width="179" height="270" srcset="https://holger-montag.de/wp-content/uploads/2025/01/Lesung6-678x1024.jpg 678w, https://holger-montag.de/wp-content/uploads/2025/01/Lesung6-199x300.jpg 199w, https://holger-montag.de/wp-content/uploads/2025/01/Lesung6-768x1160.jpg 768w, https://holger-montag.de/wp-content/uploads/2025/01/Lesung6-1017x1536.jpg 1017w, https://holger-montag.de/wp-content/uploads/2025/01/Lesung6-1356x2048.jpg 1356w, https://holger-montag.de/wp-content/uploads/2025/01/Lesung6.jpg 1638w" sizes="auto, (max-width: 179px) 100vw, 179px" />   <img loading="lazy" decoding="async" class="alignnone  wp-image-1544" src="https://holger-montag.de/wp-content/uploads/2025/02/IMG-20181211-WA0003-1.jpg" alt="" width="320" height="270" srcset="https://holger-montag.de/wp-content/uploads/2025/02/IMG-20181211-WA0003-1.jpg 768w, https://holger-montag.de/wp-content/uploads/2025/02/IMG-20181211-WA0003-1-300x253.jpg 300w" sizes="auto, (max-width: 320px) 100vw, 320px" /></p>
<p>Seinem Debütroman <span style="color: #339966;"><em>Reisen mit Pippo</em></span> über eine deutsch-italienische Großfamilie folgten der Ü-30-Roman <span style="color: #339966;"><em>Liebe oder so</em></span>, der vieldiskutierte, experimentelle Thriller <span style="color: #339966;"><em>Schwarzer Wald </em></span>sowie die Kinderbücher <em><span style="color: #339966;">Der Entefant</span>, </em><span style="color: #339966;"><em>Uxe &amp; die Calaveras</em></span>, dessen englischsprachige Version<em><span style="color: #339966;"> Uxe and the Calaveras</span> </em>sowie <em><span style="color: #339966;">Der Rocket Män</span>.<br /></em></p>
<p>Im Jahr 2018 entstand das <span style="color: #008000;"><em><span style="color: #339966;">Deutsch-Arabische Märchenbuch</span> </em></span>als Auftragsarbeit der<em> Caritas, </em>in welchem arabische sowie Märchen von Wilhelm Hauff und der Brüder Grimm mit viel Wortwitz neu interpretiert, durch Dialoge aufgefrischt, von schlimmen Grausamkeiten befreit und mit einem Schuss Romantik gewürzt wurden.</p>
<p>Weitere Bücher &#8211; darunter ein Low-Carb-Kochbuch &#8211; und E-Books ergänzen die literarische Palette, sie wurden allerdings unter Pseudonymen veröffentlicht.</p>



<p>Holger Montag wurde 2012 mit dem Otto-Weil-Kulturpreis ausgezeichnet.</p>
<p>Neben <a href="https://holger-montag.de/?page_id=65">Romanen und Kinderbüchern</a> schreibt er Drehbücher für Theater und Fernsehen, <a href="http://holger-montag.de/?page_id=153&amp;preview=true" target="_blank" rel="noreferrer noopener" aria-label="Auftragstexte für Unternehmen und Organisationen (öffnet in neuem Tab)">Auftragstexte für Unternehmen und Organisationen</a>, Songtexte für Musiker, spielt Koffertheater – und gelegentlich als Statist in Fernseh-Produktionen mit.</p>
<p>&nbsp;</p>
<ul>
<li><span style="color: #339966;"><strong>Der Künstler Holger Montag</strong></span></li>
</ul>



<p><img loading="lazy" decoding="async" class="alignnone  wp-image-1256" src="https://holger-montag.de/wp-content/uploads/2023/06/IMG_20230322_204436-1024x766.jpg" alt="" width="501" height="374" srcset="https://holger-montag.de/wp-content/uploads/2023/06/IMG_20230322_204436-1024x766.jpg 1024w, https://holger-montag.de/wp-content/uploads/2023/06/IMG_20230322_204436-300x225.jpg 300w, https://holger-montag.de/wp-content/uploads/2023/06/IMG_20230322_204436-768x575.jpg 768w, https://holger-montag.de/wp-content/uploads/2023/06/IMG_20230322_204436-1536x1150.jpg 1536w, https://holger-montag.de/wp-content/uploads/2023/06/IMG_20230322_204436-2048x1533.jpg 2048w" sizes="auto, (max-width: 501px) 100vw, 501px" />  <img loading="lazy" decoding="async" class="alignnone  wp-image-1531" src="https://holger-montag.de/wp-content/uploads/2025/01/IMG_20240722_202813.jpg" alt="" width="499" height="492" srcset="https://holger-montag.de/wp-content/uploads/2025/01/IMG_20240722_202813.jpg 590w, https://holger-montag.de/wp-content/uploads/2025/01/IMG_20240722_202813-300x296.jpg 300w, https://holger-montag.de/wp-content/uploads/2025/01/IMG_20240722_202813-100x100.jpg 100w" sizes="auto, (max-width: 499px) 100vw, 499px" /></p>
<p>Die Vernissage zur letzten Kunstausstellung von Holger Montag (&#8222;Titel HORIZONTE&#8220;) fand im September 2024 in der Galerie KunstRaum in Saarbrücken statt.</p>
<p>Seine mittel- und großformatige, moderne Kunst vertreibt Holger Montag unter der Domain <a href="http://www.belmontag.de">belmontag.de.</a></p>
<p>Mit eigenen Linoldrucken, Tuschzeichnungen und handbearbeiteten Bilderrahmen ist Holger Montag auch auf zahlreichen Kunsthandwerker- und Weihnachtsmärkten der Region vertreten.</p>
<p>Und natürlich illustriert er seine Kinderbücher selbst &#8211; meist mit Linoldrucken. Die Kunst des Linoldrucks erlernen Kinder wiederum im Rahmen seines Projekts &#8222;Autorenlesung und Linoldruck für Grundschüler&#8220;.</p>
<p>&nbsp;</p>
<ul>
<li><span style="color: #339966;"><strong>Der Projekt-/Workshopleiter Holger Montag</strong></span></li>
</ul>
<p>  <img loading="lazy" decoding="async" class="alignnone  wp-image-1534" src="https://holger-montag.de/wp-content/uploads/2025/01/2024-12-16_Projekt_HMontag©LBlum-16-1024x768.jpg" alt="" width="500" height="375" srcset="https://holger-montag.de/wp-content/uploads/2025/01/2024-12-16_Projekt_HMontag©LBlum-16-1024x768.jpg 1024w, https://holger-montag.de/wp-content/uploads/2025/01/2024-12-16_Projekt_HMontag©LBlum-16-300x225.jpg 300w, https://holger-montag.de/wp-content/uploads/2025/01/2024-12-16_Projekt_HMontag©LBlum-16-768x576.jpg 768w, https://holger-montag.de/wp-content/uploads/2025/01/2024-12-16_Projekt_HMontag©LBlum-16-1536x1152.jpg 1536w, https://holger-montag.de/wp-content/uploads/2025/01/2024-12-16_Projekt_HMontag©LBlum-16-2048x1536.jpg 2048w" sizes="auto, (max-width: 500px) 100vw, 500px" />  <img loading="lazy" decoding="async" class="alignnone  wp-image-1535" src="https://holger-montag.de/wp-content/uploads/2025/01/2024-12-16_Projekt_HMontag©LBlum-69-1024x768.jpg" alt="" width="500" height="375" srcset="https://holger-montag.de/wp-content/uploads/2025/01/2024-12-16_Projekt_HMontag©LBlum-69-1024x768.jpg 1024w, https://holger-montag.de/wp-content/uploads/2025/01/2024-12-16_Projekt_HMontag©LBlum-69-300x225.jpg 300w, https://holger-montag.de/wp-content/uploads/2025/01/2024-12-16_Projekt_HMontag©LBlum-69-768x576.jpg 768w, https://holger-montag.de/wp-content/uploads/2025/01/2024-12-16_Projekt_HMontag©LBlum-69-1536x1152.jpg 1536w, https://holger-montag.de/wp-content/uploads/2025/01/2024-12-16_Projekt_HMontag©LBlum-69-2048x1536.jpg 2048w" sizes="auto, (max-width: 500px) 100vw, 500px" /></p>
<p>Seit 2016 führt Holger Montag freiberuflich an Grundschulen der Region (Saarland, Rheinland-Pfalz, Hessen) Lesungen und <a href="http://www.holger-montag.de/?page_id=98">Linoldruck-Workshops</a> durch. (Bundesweite Buchung auf Anfrage möglich.)</p>
<p>Die Workshops sind Teil seines Projekts &#8222;Autorenlesung und Linoldruck für Grundschüler&#8220;, in welchem der aus Schülersicht passive Teil des Zuhörens durch einen aktiven Workshop-Teil ergänzt wird und beide Teile miteinander kombiniert werden.</p>
<p>&nbsp;</p>
<ul>
<li><span style="color: #339966;"><strong>Der Freelancer Holger Montag</strong></span></li>
</ul>
<p>Sein sprachliches Talent als Autor und sein Know-How um die journalistische Aufbereitung von Texten bietet Holger Montag auch in Funktion eines <a href="https://holger-montag.de/?page_id=153">Freelancers</a> an. Sein Repertoire beim Verfassen und Redigieren von Auftragsarbeiten umfasst sowohl prosaische wie auch technische Texte.</p>



<div class="wp-block-spacer" style="height: 50px;" aria-hidden="true"> </div>



<p class="has-text-color has-background has-very-light-gray-color" style="background-color: #327454;">Anfragen + Bestellungen unter <a href="mailto:info@holger-montag.de"><strong>info@holger-montag.de</strong></a></p>

<p>    Seinem Debütroman Reisen mit Pippo über eine deutsch-italienische Großfamilie folgten der Ü-30-Roman Liebe oder so, der vieldiskutierte, experimentelle Thriller Schwarzer Wald sowie die Kinderbücher Der Entefant, Uxe &amp; die Calaveras, dessen englischsprachige Version Uxe and the Calaveras sowie Der Rocket Män. Im Jahr 2018 entstand das Deutsch-Arabische Märchenbuch als Auftragsarbeit der Caritas, in &hellip; </p>
<p class="link-more"><a href="https://holger-montag.de/?page_id=21" class="more-link"><span class="screen-reader-text">„Holger Montag“</span> weiterlesen</a></p>
