{"id":1434,"date":"2025-01-01T21:28:42","date_gmt":"2025-01-01T21:28:42","guid":{"rendered":"https:\/\/holger-montag.de\/?page_id=1434"},"modified":"2026-04-24T16:26:23","modified_gmt":"2026-04-24T16:26:23","slug":"linoldruck-fuer-erwachsene","status":"publish","type":"page","link":"https:\/\/holger-montag.de\/?page_id=1434","title":{"rendered":"Linoldruck f\u00fcr Erwachsene"},"content":{"rendered":"<h2>Linoldruck-Workshops f\u00fcr Erwachsene<\/h2>\n<p>&nbsp;<\/p>\n<hr \/>\n<p><img loading=\"lazy\" decoding=\"async\" class=\"alignnone wp-image-1280\" src=\"https:\/\/holger-montag.de\/wp-content\/uploads\/2023\/06\/20211213_095025-725x1024.jpg\" alt=\"\" width=\"177\" height=\"250\" srcset=\"https:\/\/holger-montag.de\/wp-content\/uploads\/2023\/06\/20211213_095025-725x1024.jpg 725w, https:\/\/holger-montag.de\/wp-content\/uploads\/2023\/06\/20211213_095025-212x300.jpg 212w, https:\/\/holger-montag.de\/wp-content\/uploads\/2023\/06\/20211213_095025-768x1085.jpg 768w, https:\/\/holger-montag.de\/wp-content\/uploads\/2023\/06\/20211213_095025-1087x1536.jpg 1087w, https:\/\/holger-montag.de\/wp-content\/uploads\/2023\/06\/20211213_095025-1450x2048.jpg 1450w, https:\/\/holger-montag.de\/wp-content\/uploads\/2023\/06\/20211213_095025.jpg 1567w\" sizes=\"auto, (max-width: 177px) 100vw, 177px\" \/><\/p>\n<h2>Kreative Selbsterfahrung<\/h2>\n<p>Sie haben Yoga und T\u00f6pfern schon ausprobiert und m\u00f6chten nun gerne mal eine au\u00dfergew\u00f6hnliche Technik der Druckkunst versuchen? Ihr kreatives Ich und Ihr Talent f\u00fcr Druckgrafik entdecken? Sich gestalterisch ausdr\u00fccken und beim Schnitzen von Druckvorlagen k\u00f6rperlich bet\u00e4tigen? \u00dcberm Entwerfen Ihrer Motive Ihren gedanklichen Fokus verschieben oder in deren Umsetzung beim Drucken ganz abschalten vom Alltagsstress?<\/p>\n<p><img loading=\"lazy\" decoding=\"async\" class=\"alignnone wp-image-229\" src=\"https:\/\/holger-montag.de\/wp-content\/uploads\/2020\/03\/20191019_235753-738x1024.jpg\" alt=\"\" width=\"180\" height=\"250\" srcset=\"https:\/\/holger-montag.de\/wp-content\/uploads\/2020\/03\/20191019_235753-738x1024.jpg 738w, https:\/\/holger-montag.de\/wp-content\/uploads\/2020\/03\/20191019_235753-216x300.jpg 216w, https:\/\/holger-montag.de\/wp-content\/uploads\/2020\/03\/20191019_235753-768x1065.jpg 768w\" sizes=\"auto, (max-width: 180px) 100vw, 180px\" \/>\u00a0 \u00a0<img loading=\"lazy\" decoding=\"async\" class=\"alignnone wp-image-1262\" src=\"https:\/\/holger-montag.de\/wp-content\/uploads\/2023\/06\/20210828_174042-01-726x1024.jpeg\" alt=\"\" width=\"177\" height=\"250\" srcset=\"https:\/\/holger-montag.de\/wp-content\/uploads\/2023\/06\/20210828_174042-01-726x1024.jpeg 726w, https:\/\/holger-montag.de\/wp-content\/uploads\/2023\/06\/20210828_174042-01-213x300.jpeg 213w, https:\/\/holger-montag.de\/wp-content\/uploads\/2023\/06\/20210828_174042-01-768x1083.jpeg 768w, https:\/\/holger-montag.de\/wp-content\/uploads\/2023\/06\/20210828_174042-01-1089x1536.jpeg 1089w, https:\/\/holger-montag.de\/wp-content\/uploads\/2023\/06\/20210828_174042-01-1453x2048.jpeg 1453w, https:\/\/holger-montag.de\/wp-content\/uploads\/2023\/06\/20210828_174042-01-scaled.jpeg 1816w\" sizes=\"auto, (max-width: 177px) 100vw, 177px\" \/><\/p>\n<h2>Fantasie + Handwerk = Linoldruck<\/h2>\n<p>Dann sind Sie beim <span style=\"color: #33cccc;\"><strong>Erwachsenen-Workshop Linoldruck<\/strong><\/span> genau richtig! Diese traditionsreiche Drucktechnik, die in weiterem Sinn der so genannten <em>Schwarzen Kunst<\/em>* zugeordnet ist, erm\u00f6glicht den Teilnehmern n\u00e4mlich eine Selbsterfahrung der besonderen <em>Art<\/em>. Hierbei werden Skills wie gestalterische F\u00e4higkeiten ebenso ben\u00f6tigt wie die Bereitschaft zu k\u00f6rperlichem Einsatz und sorgf\u00e4ltigem Arbeiten an den Werkst\u00fccken.<\/p>\n<p>Aber keine Angst: Beim Linoldruck sind weder Rembrandt&#8217;sches Genie noch Schwarzenegger&#8217;sche Kraft erforderlich. Lust an vollem Einsatz daf\u00fcr schon.<\/p>\n<h2><img loading=\"lazy\" decoding=\"async\" class=\"alignnone wp-image-1586\" src=\"https:\/\/holger-montag.de\/wp-content\/uploads\/2025\/08\/IMG_20250803_115032-1024x769.jpg\" alt=\"\" width=\"308\" height=\"231\" srcset=\"https:\/\/holger-montag.de\/wp-content\/uploads\/2025\/08\/IMG_20250803_115032-1024x769.jpg 1024w, https:\/\/holger-montag.de\/wp-content\/uploads\/2025\/08\/IMG_20250803_115032-300x225.jpg 300w, https:\/\/holger-montag.de\/wp-content\/uploads\/2025\/08\/IMG_20250803_115032-768x577.jpg 768w, https:\/\/holger-montag.de\/wp-content\/uploads\/2025\/08\/IMG_20250803_115032-1536x1154.jpg 1536w, https:\/\/holger-montag.de\/wp-content\/uploads\/2025\/08\/IMG_20250803_115032-2048x1538.jpg 2048w\" sizes=\"auto, (max-width: 308px) 100vw, 308px\" \/> \u00a0<img loading=\"lazy\" decoding=\"async\" class=\"alignnone wp-image-1587\" src=\"https:\/\/holger-montag.de\/wp-content\/uploads\/2025\/08\/IMG_20250803_131708-768x1024.jpg\" alt=\"\" width=\"173\" height=\"230\" srcset=\"https:\/\/holger-montag.de\/wp-content\/uploads\/2025\/08\/IMG_20250803_131708-768x1024.jpg 768w, https:\/\/holger-montag.de\/wp-content\/uploads\/2025\/08\/IMG_20250803_131708-225x300.jpg 225w, https:\/\/holger-montag.de\/wp-content\/uploads\/2025\/08\/IMG_20250803_131708-1152x1536.jpg 1152w, https:\/\/holger-montag.de\/wp-content\/uploads\/2025\/08\/IMG_20250803_131708-1536x2048.jpg 1536w, https:\/\/holger-montag.de\/wp-content\/uploads\/2025\/08\/IMG_20250803_131708-scaled.jpg 1920w\" sizes=\"auto, (max-width: 173px) 100vw, 173px\" \/>\u00a0<img loading=\"lazy\" decoding=\"async\" class=\"alignnone wp-image-1588\" src=\"https:\/\/holger-montag.de\/wp-content\/uploads\/2025\/08\/IMG_20250803_130010-1024x766.jpg\" alt=\"\" width=\"490\" height=\"367\" srcset=\"https:\/\/holger-montag.de\/wp-content\/uploads\/2025\/08\/IMG_20250803_130010-1024x766.jpg 1024w, https:\/\/holger-montag.de\/wp-content\/uploads\/2025\/08\/IMG_20250803_130010-300x224.jpg 300w, https:\/\/holger-montag.de\/wp-content\/uploads\/2025\/08\/IMG_20250803_130010-768x575.jpg 768w, https:\/\/holger-montag.de\/wp-content\/uploads\/2025\/08\/IMG_20250803_130010-1536x1149.jpg 1536w, https:\/\/holger-montag.de\/wp-content\/uploads\/2025\/08\/IMG_20250803_130010-2048x1532.jpg 2048w\" sizes=\"auto, (max-width: 490px) 100vw, 490px\" \/> <img loading=\"lazy\" decoding=\"async\" class=\"alignnone wp-image-1589\" src=\"https:\/\/holger-montag.de\/wp-content\/uploads\/2025\/08\/IMG_20250803_111655-1024x766.jpg\" alt=\"\" width=\"310\" height=\"232\" srcset=\"https:\/\/holger-montag.de\/wp-content\/uploads\/2025\/08\/IMG_20250803_111655-1024x766.jpg 1024w, https:\/\/holger-montag.de\/wp-content\/uploads\/2025\/08\/IMG_20250803_111655-300x224.jpg 300w, https:\/\/holger-montag.de\/wp-content\/uploads\/2025\/08\/IMG_20250803_111655-768x575.jpg 768w, https:\/\/holger-montag.de\/wp-content\/uploads\/2025\/08\/IMG_20250803_111655-1536x1149.jpg 1536w, https:\/\/holger-montag.de\/wp-content\/uploads\/2025\/08\/IMG_20250803_111655-2048x1532.jpg 2048w\" sizes=\"auto, (max-width: 310px) 100vw, 310px\" \/> \u00a0<img loading=\"lazy\" decoding=\"async\" class=\"alignnone wp-image-1597\" src=\"https:\/\/holger-montag.de\/wp-content\/uploads\/2025\/08\/IMG_20250803_131815-768x1024.jpg\" alt=\"\" width=\"173\" height=\"231\" srcset=\"https:\/\/holger-montag.de\/wp-content\/uploads\/2025\/08\/IMG_20250803_131815-768x1024.jpg 768w, https:\/\/holger-montag.de\/wp-content\/uploads\/2025\/08\/IMG_20250803_131815-225x300.jpg 225w, https:\/\/holger-montag.de\/wp-content\/uploads\/2025\/08\/IMG_20250803_131815-1152x1536.jpg 1152w, https:\/\/holger-montag.de\/wp-content\/uploads\/2025\/08\/IMG_20250803_131815-1536x2048.jpg 1536w, https:\/\/holger-montag.de\/wp-content\/uploads\/2025\/08\/IMG_20250803_131815-scaled.jpg 1920w\" sizes=\"auto, (max-width: 173px) 100vw, 173px\" \/><img loading=\"lazy\" decoding=\"async\" class=\"wp-image-1593 alignnone\" src=\"https:\/\/holger-montag.de\/wp-content\/uploads\/2025\/08\/IMG-20250803-WA0036-1024x768.jpg\" alt=\"\" width=\"490\" height=\"367\" srcset=\"https:\/\/holger-montag.de\/wp-content\/uploads\/2025\/08\/IMG-20250803-WA0036-1024x768.jpg 1024w, https:\/\/holger-montag.de\/wp-content\/uploads\/2025\/08\/IMG-20250803-WA0036-300x225.jpg 300w, https:\/\/holger-montag.de\/wp-content\/uploads\/2025\/08\/IMG-20250803-WA0036-768x576.jpg 768w, https:\/\/holger-montag.de\/wp-content\/uploads\/2025\/08\/IMG-20250803-WA0036-1536x1152.jpg 1536w, https:\/\/holger-montag.de\/wp-content\/uploads\/2025\/08\/IMG-20250803-WA0036.jpg 2048w\" sizes=\"auto, (max-width: 490px) 100vw, 490px\" \/><img loading=\"lazy\" decoding=\"async\" class=\"alignnone wp-image-1590\" src=\"https:\/\/holger-montag.de\/wp-content\/uploads\/2025\/08\/IMG_20250803_112604-1024x766.jpg\" alt=\"\" width=\"307\" height=\"229\" srcset=\"https:\/\/holger-montag.de\/wp-content\/uploads\/2025\/08\/IMG_20250803_112604-1024x766.jpg 1024w, https:\/\/holger-montag.de\/wp-content\/uploads\/2025\/08\/IMG_20250803_112604-300x224.jpg 300w, https:\/\/holger-montag.de\/wp-content\/uploads\/2025\/08\/IMG_20250803_112604-768x575.jpg 768w, https:\/\/holger-montag.de\/wp-content\/uploads\/2025\/08\/IMG_20250803_112604-1536x1149.jpg 1536w, https:\/\/holger-montag.de\/wp-content\/uploads\/2025\/08\/IMG_20250803_112604-2048x1532.jpg 2048w\" sizes=\"auto, (max-width: 307px) 100vw, 307px\" \/> \u00a0<img loading=\"lazy\" decoding=\"async\" class=\"alignnone wp-image-1592\" src=\"https:\/\/holger-montag.de\/wp-content\/uploads\/2025\/08\/IMG_20250803_135454-766x1024.jpg\" alt=\"\" width=\"172\" height=\"230\" srcset=\"https:\/\/holger-montag.de\/wp-content\/uploads\/2025\/08\/IMG_20250803_135454-766x1024.jpg 766w, https:\/\/holger-montag.de\/wp-content\/uploads\/2025\/08\/IMG_20250803_135454-224x300.jpg 224w, https:\/\/holger-montag.de\/wp-content\/uploads\/2025\/08\/IMG_20250803_135454-768x1026.jpg 768w, https:\/\/holger-montag.de\/wp-content\/uploads\/2025\/08\/IMG_20250803_135454-1149x1536.jpg 1149w, https:\/\/holger-montag.de\/wp-content\/uploads\/2025\/08\/IMG_20250803_135454-1532x2048.jpg 1532w, https:\/\/holger-montag.de\/wp-content\/uploads\/2025\/08\/IMG_20250803_135454-scaled.jpg 1916w\" sizes=\"auto, (max-width: 172px) 100vw, 172px\" \/><img loading=\"lazy\" decoding=\"async\" class=\"alignnone wp-image-1591\" src=\"https:\/\/holger-montag.de\/wp-content\/uploads\/2025\/08\/IMG_20250803_135637-766x1024.jpg\" alt=\"\" width=\"227\" height=\"303\" srcset=\"https:\/\/holger-montag.de\/wp-content\/uploads\/2025\/08\/IMG_20250803_135637-766x1024.jpg 766w, https:\/\/holger-montag.de\/wp-content\/uploads\/2025\/08\/IMG_20250803_135637-224x300.jpg 224w, https:\/\/holger-montag.de\/wp-content\/uploads\/2025\/08\/IMG_20250803_135637-768x1026.jpg 768w, https:\/\/holger-montag.de\/wp-content\/uploads\/2025\/08\/IMG_20250803_135637-1149x1536.jpg 1149w, https:\/\/holger-montag.de\/wp-content\/uploads\/2025\/08\/IMG_20250803_135637-1532x2048.jpg 1532w, https:\/\/holger-montag.de\/wp-content\/uploads\/2025\/08\/IMG_20250803_135637-scaled.jpg 1916w\" sizes=\"auto, (max-width: 227px) 100vw, 227px\" \/> \u00a0<img loading=\"lazy\" decoding=\"async\" class=\"alignnone wp-image-1595\" src=\"https:\/\/holger-montag.de\/wp-content\/uploads\/2025\/08\/IMG_20250803_140359-768x1024.jpg\" alt=\"\" width=\"228\" height=\"304\" srcset=\"https:\/\/holger-montag.de\/wp-content\/uploads\/2025\/08\/IMG_20250803_140359-768x1024.jpg 768w, https:\/\/holger-montag.de\/wp-content\/uploads\/2025\/08\/IMG_20250803_140359-225x300.jpg 225w, https:\/\/holger-montag.de\/wp-content\/uploads\/2025\/08\/IMG_20250803_140359-1152x1536.jpg 1152w, https:\/\/holger-montag.de\/wp-content\/uploads\/2025\/08\/IMG_20250803_140359-1536x2048.jpg 1536w, https:\/\/holger-montag.de\/wp-content\/uploads\/2025\/08\/IMG_20250803_140359-scaled.jpg 1920w\" sizes=\"auto, (max-width: 228px) 100vw, 228px\" \/>\u00a0\u00a0<img loading=\"lazy\" decoding=\"async\" class=\"alignnone wp-image-1594\" src=\"https:\/\/holger-montag.de\/wp-content\/uploads\/2025\/08\/IMG_20250803_141456-766x1024.jpg\" alt=\"\" width=\"225\" height=\"301\" srcset=\"https:\/\/holger-montag.de\/wp-content\/uploads\/2025\/08\/IMG_20250803_141456-766x1024.jpg 766w, https:\/\/holger-montag.de\/wp-content\/uploads\/2025\/08\/IMG_20250803_141456-224x300.jpg 224w, https:\/\/holger-montag.de\/wp-content\/uploads\/2025\/08\/IMG_20250803_141456-768x1026.jpg 768w, https:\/\/holger-montag.de\/wp-content\/uploads\/2025\/08\/IMG_20250803_141456-1149x1536.jpg 1149w, https:\/\/holger-montag.de\/wp-content\/uploads\/2025\/08\/IMG_20250803_141456-1532x2048.jpg 1532w, https:\/\/holger-montag.de\/wp-content\/uploads\/2025\/08\/IMG_20250803_141456-scaled.jpg 1916w\" sizes=\"auto, (max-width: 225px) 100vw, 225px\" \/> \u00a0<img loading=\"lazy\" decoding=\"async\" class=\"alignnone wp-image-1596\" src=\"https:\/\/holger-montag.de\/wp-content\/uploads\/2025\/08\/IMG_20250803_141441-766x1024.jpg\" alt=\"\" width=\"225\" height=\"301\" srcset=\"https:\/\/holger-montag.de\/wp-content\/uploads\/2025\/08\/IMG_20250803_141441-766x1024.jpg 766w, https:\/\/holger-montag.de\/wp-content\/uploads\/2025\/08\/IMG_20250803_141441-224x300.jpg 224w, https:\/\/holger-montag.de\/wp-content\/uploads\/2025\/08\/IMG_20250803_141441-768x1026.jpg 768w, https:\/\/holger-montag.de\/wp-content\/uploads\/2025\/08\/IMG_20250803_141441-1149x1536.jpg 1149w, https:\/\/holger-montag.de\/wp-content\/uploads\/2025\/08\/IMG_20250803_141441-1532x2048.jpg 1532w, https:\/\/holger-montag.de\/wp-content\/uploads\/2025\/08\/IMG_20250803_141441-scaled.jpg 1916w\" sizes=\"auto, (max-width: 225px) 100vw, 225px\" \/>\u00a0\u00a0<img loading=\"lazy\" decoding=\"async\" class=\"alignnone wp-image-1598\" src=\"https:\/\/holger-montag.de\/wp-content\/uploads\/2025\/08\/IMG_20250803_140647-1024x766.jpg\" alt=\"\" width=\"460\" height=\"344\" srcset=\"https:\/\/holger-montag.de\/wp-content\/uploads\/2025\/08\/IMG_20250803_140647-1024x766.jpg 1024w, https:\/\/holger-montag.de\/wp-content\/uploads\/2025\/08\/IMG_20250803_140647-300x224.jpg 300w, https:\/\/holger-montag.de\/wp-content\/uploads\/2025\/08\/IMG_20250803_140647-768x575.jpg 768w, https:\/\/holger-montag.de\/wp-content\/uploads\/2025\/08\/IMG_20250803_140647-1536x1149.jpg 1536w, https:\/\/holger-montag.de\/wp-content\/uploads\/2025\/08\/IMG_20250803_140647-2048x1532.jpg 2048w\" sizes=\"auto, (max-width: 460px) 100vw, 460px\" \/><\/h2>\n<p><span style=\"color: #999999;\"><em>Impressionen aus einem Einsteiger-Workshop in der Kultgie\u00dferei Dudweiler, Sommer 2025<\/em><\/span><\/p>\n<h2>Entdecken Sie eine neue Seite an sich!<\/h2>\n<p>H\u00e4tten SIE denn Lust, die Technik des Linoldrucks zu erlernen? Dann lassen Sie sich doch einfach unverbindlich mit Ihrer Email-Adresse vormerken!\u00a0 Ich informiere Sie dann gerne \u00fcber geplante Workshops und mache Ihnen Terminvorschl\u00e4ge.<\/p>\n<p>Meine Workshops sind f\u00fcr den &#8222;Privatgebrauch&#8220; ebenso geeignet wie als <strong>Studientag<\/strong> bzw. p\u00e4dagogischer Tag, da die erworbenen Kenntnisse problemlos f\u00fcr eine Unterrichtseinheit oder ein besonderes Schulprojekt genutzt werden k\u00f6nnen. (Mein eigenes Projekt &#8222;Autorenlesung und Linoldruck f\u00fcr Grundsch\u00fcler&#8220; finden Sie im Hauptmen\u00fc.)<\/p>\n<p>Ich biete meine Erwachsenen-Workshops als halbt\u00e4gige (4-st\u00fcndige) und ganzt\u00e4gige (8-st\u00fcndige) Veranstaltungen an.<\/p>\n<p>Sie haben bereits Erfahrungen mit dem Linoldruck? Kein Problem! Auch Workshops f\u00fcr Fortgeschrittene sind m\u00f6glich.<\/p>\n<p class=\"has-text-color has-background has-very-light-gray-color\" style=\"background-color: #327454;\">Anfragen unter <a href=\"mailto:info@holger-montag.de\"><strong>info@holger-montag.de<\/strong><\/a><\/p>\n<p>&nbsp;<\/p>\n<p>&nbsp;<\/p>\n<hr \/>\n<p class=\"has-text-color has-background has-very-light-gray-color\" style=\"background-color: #505753;\"><strong>*Huh.. Schwarze Kunst?<\/strong><br \/>\nDie\u00a0 <em>Schwarze Kunst<\/em> kennzeichnet eine handwerkliche oder k\u00fcnstlerische T\u00e4tigkeit wie Radierung oder Linoldruck, bei der Motive oder Schrift vervielf\u00e4ltigt und mit Druckfarbe auf Papier \u00fcbertragen werden. Bekannter Namensgeber ist die &#8222;Druckerschw\u00e4rze&#8220; des fr\u00fchen Buch- und sp\u00e4teren Zeitungsdrucks.<\/p>\n","protected":false},"excerpt":{"rendered":"<p>Linoldruck-Workshops f\u00fcr Erwachsene &nbsp; Kreative Selbsterfahrung Sie haben Yoga und T\u00f6pfern schon ausprobiert und m\u00f6chten nun gerne mal eine au\u00dfergew\u00f6hnliche Technik der Druckkunst versuchen? Ihr kreatives Ich und Ihr Talent f\u00fcr Druckgrafik entdecken? Sich gestalterisch ausdr\u00fccken und beim Schnitzen von Druckvorlagen k\u00f6rperlich bet\u00e4tigen? \u00dcberm Entwerfen Ihrer Motive Ihren gedanklichen Fokus verschieben oder in deren Umsetzung &hellip; <\/p>\n<p class=\"link-more\"><a href=\"https:\/\/holger-montag.de\/?page_id=1434\" class=\"more-link\"><span class=\"screen-reader-text\">\u201eLinoldruck f\u00fcr Erwachsene\u201c<\/span> weiterlesen<\/a><\/p>\n","protected":false},"author":1,"featured_media":0,"parent":1504,"menu_order":0,"comment_status":"closed","ping_status":"closed","template":"","meta":{"footnotes":""},"class_list":["post-1434","page","type-page","status-publish","hentry"],"_links":{"self":[{"href":"https:\/\/holger-montag.de\/index.php?rest_route=\/wp\/v2\/pages\/1434","targetHints":{"allow":["GET"]}}],"collection":[{"href":"https:\/\/holger-montag.de\/index.php?rest_route=\/wp\/v2\/pages"}],"about":[{"href":"https:\/\/holger-montag.de\/index.php?rest_route=\/wp\/v2\/types\/page"}],"author":[{"embeddable":true,"href":"https:\/\/holger-montag.de\/index.php?rest_route=\/wp\/v2\/users\/1"}],"replies":[{"embeddable":true,"href":"https:\/\/holger-montag.de\/index.php?rest_route=%2Fwp%2Fv2%2Fcomments&post=1434"}],"version-history":[{"count":45,"href":"https:\/\/holger-montag.de\/index.php?rest_route=\/wp\/v2\/pages\/1434\/revisions"}],"predecessor-version":[{"id":1695,"href":"https:\/\/holger-montag.de\/index.php?rest_route=\/wp\/v2\/pages\/1434\/revisions\/1695"}],"up":[{"embeddable":true,"href":"https:\/\/holger-montag.de\/index.php?rest_route=\/wp\/v2\/pages\/1504"}],"wp:attachment":[{"href":"https:\/\/holger-montag.de\/index.php?rest_route=%2Fwp%2Fv2%2Fmedia&parent=1434"}],"curies":[{"name":"wp","href":"https:\/\/api.w.org\/{rel}","templated":true}]}}