{"id":1396,"date":"2024-12-29T19:24:58","date_gmt":"2024-12-29T19:24:58","guid":{"rendered":"https:\/\/holger-montag.de\/?page_id=1396"},"modified":"2026-04-24T16:31:12","modified_gmt":"2026-04-24T16:31:12","slug":"preise-fuer-das-projekt-autorenlesung-linoldruck-fuer-grundschueler","status":"publish","type":"page","link":"https:\/\/holger-montag.de\/?page_id=1396","title":{"rendered":"Autorenlesung + Linoldruck f\u00fcr Grundsch\u00fcler: Preise"},"content":{"rendered":"<h2><span style=\"color: #ff6600;\"><strong>Preise<\/strong><\/span><\/h2>\n<p>&nbsp;<\/p>\n<hr \/>\n<h4><span style=\"color: #800000;\">Basis<\/span>-Projekt<\/h4>\n<p>Das Basis-Projekt ist f\u00fcr die Klassenstufen 1-4 konzipiert und kann \u2013 \u00fcber mehrere Projekttage verteilt \u2013 auch f\u00fcr Ihre ganze Schule durchgef\u00fchrt werden.<\/p>\n<p>Im Basis-Workshop erlernen Ihre Sch\u00fcler die Grundkenntnisse des Linoldrucks und fertigen mehrere Werkst\u00fccke in verschiedenen Gr\u00f6\u00dfen an, die sie auch selbst einfarbig drucken.<\/p>\n<p>Das Honorar f\u00fcr ein Projekt mit bis zu 12 Sch\u00fclern betr\u00e4gt\u00a0 295,00 EUR* (Lesung + 1 Workshop, Gesamtl\u00e4nge: 135 Minuten\/3 Schulstunden), f\u00fcr ein Projekt mit bis zu 25 Sch\u00fclern 395,00 EUR* (Lesung + 2 Workshop-Gruppen = 225 Minuten\/5 Schulstunden).<\/p>\n<hr \/>\n<h4><span style=\"color: #33cccc;\">Profi<\/span>-Projekt<\/h4>\n<p>Das Profi-Projekt baut auf dem Vorwissen auf, das die Sch\u00fcler im Basis-Workshop \u2013 z. B. im vorangegangenen Schuljahr \u2013 erworben haben. Nach einer Auffrischung der Grundkenntnisse drucken wir im Profi-Workshop mehrfarbige, anspruchsvolle Motive, die wir f\u00fcr ein Klassenplakat als Fries oder Mosaik kombinieren.<\/p>\n<p>Das Honorar f\u00fcr ein dreist\u00fcndiges Projekt (135 Minuten\/bis 12 Sch\u00fcler) betr\u00e4gt\u00a0 345,00 EUR*, f\u00fcr ein f\u00fcnfst\u00fcndiges Projekt 455,00 EUR* (225 Minuten\/bis 25 Sch\u00fcler).<\/p>\n<hr \/>\n<p>In beiden Projekten enthalten sind:<\/p>\n<ul>\n<li>die Autorenlesung inklusive Werkgespr\u00e4ch,<\/li>\n<li>die Druckworkshops (2 bzw. 4 Schulstunden) sowie<\/li>\n<li>alle Materialien (Druckplatten, Papier, Linolfarbe, Walzen etc.) f\u00fcr bis zu 12 bzw. 25 Sch\u00fcler.<\/li>\n<\/ul>\n<p>*Preis zzgl. Fahrtkosten (0,50 EUR\/km).<\/p>\n<hr \/>\n<p><strong>Mehrt\u00e4gige Workshops: Fallen \u00dcbernachtungs- und Verpflegungskosten an?<\/strong><\/p>\n<p>Nein. Aus Fairnisgr\u00fcnden berechne ich f\u00fcr mehrt\u00e4gige Projekte die Fahrtkosten je Projekttag &#8211; und bezahle hieraus meine \u00dcbernachtungs- und Verpflegungskosten. Das ist f\u00fcr die buchenden Schulen viel g\u00fcnstiger als eine \u00dcbernachtungspauschale und entspricht ja lediglich den Fahrtkosten, die auch dann anfielen, wenn die Projettage in verschiedenen Wochen l\u00e4gen.<\/p>\n<hr \/>\n<p><strong>Stornierung:<\/strong><\/p>\n<p>Hinweis: Gebuchte Projekte k\u00f6nnen bis zu zwei Monate vor Durchf\u00fchrung kostenfrei storniert werden. Bei einer Stornierung bis zu einem Monat vor Durchf\u00fchrung fallen 25 % des Angebotspreises an, bei einer sp\u00e4teren Stornierung 50 % des Angebotspreises. Unterbleibt eine Stornierung oder erfolgt sie in einem Zeitraum von weniger als 24 Stunden vor Durchf\u00fchrung, ist der komplette Angebotspreis (exklusive Fahrtkosten) zu entrichten. Falls ich eigens f\u00fcr das Projekt angereist war, m\u00fcssen gegebenenfalls auch die bereits angefallenen Unkosten (\u00dcbernachtungs- sowie Fahrtkosten) beglichen werden. Ich bin fair zu Ihnen &#8211; seien Sie bitte auch fair zu mir.<\/p>\n","protected":false},"excerpt":{"rendered":"<p>Preise &nbsp; Basis-Projekt Das Basis-Projekt ist f\u00fcr die Klassenstufen 1-4 konzipiert und kann \u2013 \u00fcber mehrere Projekttage verteilt \u2013 auch f\u00fcr Ihre ganze Schule durchgef\u00fchrt werden. Im Basis-Workshop erlernen Ihre Sch\u00fcler die Grundkenntnisse des Linoldrucks und fertigen mehrere Werkst\u00fccke in verschiedenen Gr\u00f6\u00dfen an, die sie auch selbst einfarbig drucken. Das Honorar f\u00fcr ein Projekt mit &hellip; <\/p>\n<p class=\"link-more\"><a href=\"https:\/\/holger-montag.de\/?page_id=1396\" class=\"more-link\"><span class=\"screen-reader-text\">\u201eAutorenlesung + Linoldruck f\u00fcr Grundsch\u00fcler: Preise\u201c<\/span> weiterlesen<\/a><\/p>\n","protected":false},"author":1,"featured_media":0,"parent":98,"menu_order":4,"comment_status":"closed","ping_status":"closed","template":"","meta":{"footnotes":""},"class_list":["post-1396","page","type-page","status-publish","hentry"],"_links":{"self":[{"href":"https:\/\/holger-montag.de\/index.php?rest_route=\/wp\/v2\/pages\/1396","targetHints":{"allow":["GET"]}}],"collection":[{"href":"https:\/\/holger-montag.de\/index.php?rest_route=\/wp\/v2\/pages"}],"about":[{"href":"https:\/\/holger-montag.de\/index.php?rest_route=\/wp\/v2\/types\/page"}],"author":[{"embeddable":true,"href":"https:\/\/holger-montag.de\/index.php?rest_route=\/wp\/v2\/users\/1"}],"replies":[{"embeddable":true,"href":"https:\/\/holger-montag.de\/index.php?rest_route=%2Fwp%2Fv2%2Fcomments&post=1396"}],"version-history":[{"count":15,"href":"https:\/\/holger-montag.de\/index.php?rest_route=\/wp\/v2\/pages\/1396\/revisions"}],"predecessor-version":[{"id":1696,"href":"https:\/\/holger-montag.de\/index.php?rest_route=\/wp\/v2\/pages\/1396\/revisions\/1696"}],"up":[{"embeddable":true,"href":"https:\/\/holger-montag.de\/index.php?rest_route=\/wp\/v2\/pages\/98"}],"wp:attachment":[{"href":"https:\/\/holger-montag.de\/index.php?rest_route=%2Fwp%2Fv2%2Fmedia&parent=1396"}],"curies":[{"name":"wp","href":"https:\/\/api.w.org\/{rel}","templated":true}]}}