{"id":1373,"date":"2024-12-29T17:06:27","date_gmt":"2024-12-29T17:06:27","guid":{"rendered":"https:\/\/holger-montag.de\/?page_id=1373"},"modified":"2026-01-22T21:30:45","modified_gmt":"2026-01-22T21:30:45","slug":"faq-zu-linoldruck-workshops","status":"publish","type":"page","link":"https:\/\/holger-montag.de\/?page_id=1373","title":{"rendered":"Autorenlesung + Linoldruck f\u00fcr Grundsch\u00fcler: Erl\u00e4uterungen + FAQs"},"content":{"rendered":"<h2><strong><span style=\"color: #ff6600;\">Erl\u00e4uterungen + FAQs<\/span><\/strong><\/h2>\n<p>&nbsp;<\/p>\n<hr \/>\n<p><strong>Hier finden Sie Infos und Antworten auf Ihre Fragen, zum Beispiel:<br \/>\n<\/strong><\/p>\n<ol>\n<li>Zeitlicher Ablauf<\/li>\n<li>Kosten<\/li>\n<li>Lekt\u00fcre<\/li>\n<li>Buchverkauf<\/li>\n<li>Maximale Sch\u00fclerzahl\/Klassengr\u00f6\u00dfe<\/li>\n<li>Gefahren<\/li>\n<li>Kleidung<\/li>\n<li>Unterschied Linoldruck\/Linolschnitt<\/li>\n<li>Vor-\/Nacharbeiten durch Klassenleitung<\/li>\n<li>Aufgaben der Klassenleitung<\/li>\n<li>Verweigernde Sch\u00fcler<\/li>\n<li>Weiterarbeit nach Projektende<\/li>\n<li>Verbleib der Drucke<\/li>\n<li>Werbung f\u00fcr die Schule<\/li>\n<li>Fotografieren<\/li>\n<li>Aufbaukurs f\u00fcr erfahrene Sch\u00fcler<\/li>\n<li>Workshops f\u00fcr Erwachsene<\/li>\n<li>Stornierung eines Auftrags<\/li>\n<li>Gendern<\/li>\n<\/ol>\n<hr \/>\n<h4><strong>1. Wie ist der zeitliche Ablauf des Projekts &#8222;Autorenlesung und Linoldruck f\u00fcr Grundsch\u00fcler&#8220;?<\/strong><\/h4>\n<p>Erl\u00e4uterungen zur Planung finden Sie hier:\u00a0 <a href=\"https:\/\/holger-montag.de\/?page_id=1379\">Zeitlicher Ablauf<\/a><\/p>\n<h4><strong>2. Wie hoch sind die Kosten f\u00fcr das Projekt &#8222;Autorenlesung und Linoldruck f\u00fcr Grundsch\u00fcler&#8220;?<\/strong><\/h4>\n<p>Eine Aufstellung und Erl\u00e4uterung der Kosten finden Sie hier: <a href=\"https:\/\/holger-montag.de\/?page_id=1396\">Preise<\/a><\/p>\n<h4><strong>3. Welche Lekt\u00fcre planen Sie f\u00fcr welche Klassenstufe ein?<\/strong><\/h4>\n<p>Alle Lekt\u00fcren stammen aus meiner Feder &#8211; auch die M\u00e4rchen-Versionen von &#8222;Schneewittchen&#8220; oder &#8222;Der Kalif Storch&#8220;, die ich von\u00a0 bekannten Werken (Grimm\/Hauff) adaptiert und um Humor und Dialoge angereichert habe.\u00a0 Die M\u00e4rchen sind f\u00fcr Klassenstufe 1 + 2 optimal geeignet. F\u00fcr KS 3 empfehle ich das Kinderbuch &#8222;UXE &amp; die Calaveras&#8220;, f\u00fcr KS 4 &#8222;Der Rocket M\u00e4n&#8220;.<\/p>\n<h4><strong>4. Finden am Projekttag Buchverk\u00e4ufe statt?<\/strong><\/h4>\n<p>Nein. Der Projekttag dreht sich ausschlie\u00dflich um die Autorenlesung und die Erlernung des Linoldrucks. M\u00f6chten Kinder die Lekt\u00fcre gerne zu Hause zu Ende lesen, k\u00f6nnen sie das jeweilige Kinderbuch \u00fcber den Buchhandel beziehen oder &#8211; dann mit einem &#8222;Teilnehmer-\/Schulrabatt&#8220; &#8211; in einer Sammelbestellung direkt ab Verlag\/Autor \u00fcber die Klassenleitung beziehen. Widmung + Signatur sind auf Wunsch nat\u00fcrlich inbegriffen.<\/p>\n<h4><strong>5. Welche Sch\u00fclerzahl\/Klassengr\u00f6\u00dfe ist m\u00f6glich?<\/strong><\/h4>\n<p>Der Workshop ist f\u00fcr je 12 Sch\u00fcler konzipiert (Doppelworkshop = Zwei Parallelklassen: 25 Sch\u00fcler), um beispielsweise die Warteschlangen am Drucktisch kurz zu halten. Gr\u00f6\u00dfere Klassenst\u00e4rken sind aber nach Absprache m\u00f6glich. Die einf\u00fchrende Lesung kann vor bis zu 50 Sch\u00fclern stattfinden, ideal sind &lt;25.<\/p>\n<h4>6. Entspricht der Workshop dem klassischen Linoldruck?<\/h4>\n<p>Der klassische Linoldruck &#8211; eigentlich: Linolschnitt &#8211; wird aus guten Gr\u00fcnden fr\u00fchestens in Klassenstufe 8\/9 unterrichtet, da die verwendeten Schnittmesser allzu gef\u00e4hrdend f\u00fcr kleine Kinderh\u00e4nde w\u00e4ren. Ich habe den Workshop so konzipiert, dass die Grundsch\u00fcler beim Arbeiten ohne Messer auskommen. Der sp\u00e4tere Linoldruck jedoch entspricht 1:1 der klassischen Vorgehensweise und nat\u00fcrlich arbeiten wir auch mit echter Linolfarbe.<\/p>\n<h4>7. Besteht Verletzungsgefahr f\u00fcr die Sch\u00fcler?<\/h4>\n<p>Da mein Workshop auf ein messerfreies Arbeiten ausgelegt ist, besteht keine \u00fcber den normalen Schulbetrieb hinausgehende Verletzungsgefahr.<\/p>\n<h4>8. Gibt es eine Kleiderordnung am Projekttag?<\/h4>\n<p>Etwas Sorgfalt vorausgesetzt, ist auch die Alltagskleidung der Kinder nicht in Gefahr. Auf ausgefallene Fransen- oder Fledermaus\u00e4rmel sollten die Kinder am Projekttag allerdings ebenso verzichten wie auf das Abwischen von Farbe an der Kleidung. Linolfarbe ist zwar wasserl\u00f6slich und kann problemlos ausgewaschen werden, eine Garantie hierf\u00fcr kann ich aber nicht geben. Also dieselben Regeln wie im normalen Kunstunterricht.<\/p>\n<h4><strong>9. Sind Vor- oder Nacharbeiten durch die Klassenleitung erforderlich?<\/strong><\/h4>\n<p>Nein. Alle Materialien werden durch mich gestellt. Ich \u00fcbernehme nach der Autorenlesung auch die Vorbereitung des Projektraumes und r\u00e4ume diesen nach Abschluss des Projektes auf.<\/p>\n<h4><strong>10. Worin besteht die Mitarbeit der Klassenleitung am Projekt?<\/strong><\/h4>\n<p>Manche Sch\u00fcler ben\u00f6tigen Impulse und Hilfestellung bei der Ausf\u00fchrung der geforderten Vorg\u00e4nge. Hierbei kann die Klassenleitung Hilfestellung geben und individuell auf die einzelnen Sch\u00fcler eingehen.<\/p>\n<h4><strong>11. Was ist, wenn ein Sch\u00fcler beim Projekt nicht mitmachen m\u00f6chte?<\/strong><\/h4>\n<p>Ich bin am Projekttag in der jeweiligen Grundschule lediglich ein Gast, der den Sch\u00fclern ein Angebot macht. Wird dieses von einem Sch\u00fcler nicht angenommen, kann er sich still an seinem Platz besch\u00e4ftigen oder in einer anderen Klasse am Unterricht teilnehmen.<\/p>\n<h4><strong>12. Was ist, wenn die Sch\u00fcler nicht p\u00fcnktlich zum geplanten Kursende fertig werden?<\/strong><\/h4>\n<p>Falls gew\u00fcnscht und m\u00f6glich, bleibe ich gerne auch noch etwas l\u00e4nger, damit die Sch\u00fcler ihre begonnenen Werke fertigstellen k\u00f6nnen. Schlie\u00dflich ist ein rundum gelungener Projekttag wichtiger als dessen p\u00fcnktliches Ende.<\/p>\n<h4><strong>13. Was geschieht mit den fertigen Drucken?<\/strong><\/h4>\n<p>Die Sch\u00fcler sind in der Regel sehr stolz auf ihre Werke und m\u00f6chten diese sofort nach Schulende zu Hause vorzeigen.<\/p>\n<h4>14. Bleiben auch Drucke in der Schule, um mit dem Projekt werben zu k\u00f6nnen?<\/h4>\n<p>Damit aber auch die Schule selbst Drucke zum Vorzeigen und Aush\u00e4ngen hat, &#8211; etwa als Erinnerung im Klassensaal oder am Tag der Offenen T\u00fcr -, fertige ich zus\u00e4tzlich aus einer Motivauswahl ein Klassenplakat an, das in der Schule verbleibt.<\/p>\n<h4>15. D\u00fcrfen w\u00e4hrend des Projekts Fotos durch die Klassenleitung gemacht werden?<\/h4>\n<p>Sie d\u00fcrfen gerne fotografieren und das Projekt dokumentieren &#8211; zum Beispiel f\u00fcr den F\u00f6rderverein oder die Schulwebsite.<\/p>\n<h4>16. Machen Sie als Autor Fotos w\u00e4hrend des Projekts?<\/h4>\n<p>Nein. Aufgrund der rechtlich schwierigen Situation verzichte ich auf das Fotografieren mit Personenbeteiligung w\u00e4hrend des Projekttages.<\/p>\n<h4><strong>17. Unterrichten Sie auch auf Wunsch mehrmals dieselben Sch\u00fcler, zum Beispiel im Folgejahr?<\/strong><\/h4>\n<p>Sch\u00fcler, die meinen Basis-Workshop bereits im Vorjahr besucht haben, k\u00f6nnen ihr Wissen um den Linoldruck im Folgejahr ausbauen. Wir beginnen dann nicht mehr bei Null, sondern starten nach einer kurzen Auffrischung mit neuen Motiven. F\u00fcr gr\u00f6\u00dfere Grundsch\u00fcler (ehemals Klassenstufe 3, nun KS 4) biete ich einen Profi-Workshop an, in dessen Rahmen die Sch\u00fcler die komplexe Kunst des mehrfarbigen Reduktionsdrucks erlernen.<\/p>\n<h4><strong>18. Gibt es auch Linoldruck-Workshops f\u00fcr Erwachsene?<\/strong><\/h4>\n<p>Selbstverst\u00e4ndlich f\u00fchre ich nicht nur Kinder, sondern auch Erwachsene gerne an die traditionsreiche Kunst des Linoldrucks heran. Kurstermine vereinbare ich in Absprache mit den Interessenten. Gerne merke ich Sie unverbindlich vor und informiere Sie \u00fcber Terminvorschl\u00e4ge: <a href=\"mailto:info@holger-montag.de\">Unverbindlich vormerken lassen<\/a><\/p>\n<h4>19. Kann der Auftrag f\u00fcr einen Projekttag kostenlos storniert werden?<\/h4>\n<p>Aber ja. Gebuchte Projekte k\u00f6nnen bis zu zwei Monate vor Durchf\u00fchrung kostenfrei storniert werden. Bei einer Stornierung bis zu einem Monat vor Durchf\u00fchrung fallen 25 % des Angebotspreises an, bei einer sp\u00e4teren Stornierung 50 % des Angebotspreises. Unterbleibt eine Stornierung oder erfolgt sie in einem Zeitraum von weniger als 24 Stunden vor Durchf\u00fchrung, ist der komplette Angebotspreis (exklusive Fahrtkosten) zu entrichten. Falls ich eigens f\u00fcr das Projekt angereist war, m\u00fcssen gegebenenfalls auch die bereits angefallenen Unkosten (\u00dcbernachtungs- sowie Fahrtkosten) beglichen werden.<\/p>\n<h4><strong>20. Warum gendern Sie nicht?<\/strong><\/h4>\n<p>Ich respektiere, aber ich gendere zumindest auf meinem Webauftritt nicht (mehr) durchg\u00e4ngig. Eine Entscheidung, die ich gerne revidieren werde, sobald sich eine gut sprech- und lesbare M\u00f6glichkeit ergibt, Menschen jedweden Geschlechts achtsam anzusprechen. (Allerdings fiel selbst mir als Schriftsteller bisher keine praktikable Alternative zu Ausschreiben, Kunstbegriffen wie &#8222;Lehrende&#8220;, : und I ein.) Seien Sie versichert, dass ich Sie als Schulleiterinnen und Schulleiter, Lehrerinnen und Lehrer, M\u00fctter und V\u00e4ter sowie Ihre T\u00f6chter, S\u00f6hne, Sch\u00fclerinnen und Sch\u00fcler respektiere und achte, und zwar unabh\u00e4ngig von ihrer Nationalit\u00e4t, ihres Geschlechts und ihrer Hautfarbe. Ich halte es keineswegs f\u00fcr respektlos, aber f\u00fcr einfacher, in der Projektbeschreibung schlicht von <em>Lehrern<\/em> und <em>Sch\u00fclern\/Kindern<\/em> zu sprechen, und hoffe, dass diese Einstellung von Ihnen geteilt oder zumindest akzeptiert wird. Umgekehrt habe ich auch nichts dagegen, wenn Ihre Kinder mich duzen oder <em>Herr Mittwoch<\/em> nennen. Nicht alles in unserer sch\u00f6nen und begriffsreichen Sprache ist gleich ein Statement oder ein Problem. Und etwas mehr Gelassenheit tut unserer Gesellschaft gut, gerade in diesen schwierigen Zeiten.<\/p>\n<p>&nbsp;<\/p>\n<p>&nbsp;<\/p>\n","protected":false},"excerpt":{"rendered":"<p>Erl\u00e4uterungen + FAQs &nbsp; Hier finden Sie Infos und Antworten auf Ihre Fragen, zum Beispiel: Zeitlicher Ablauf Kosten Lekt\u00fcre Buchverkauf Maximale Sch\u00fclerzahl\/Klassengr\u00f6\u00dfe Gefahren Kleidung Unterschied Linoldruck\/Linolschnitt Vor-\/Nacharbeiten durch Klassenleitung Aufgaben der Klassenleitung Verweigernde Sch\u00fcler Weiterarbeit nach Projektende Verbleib der Drucke Werbung f\u00fcr die Schule Fotografieren Aufbaukurs f\u00fcr erfahrene Sch\u00fcler Workshops f\u00fcr Erwachsene Stornierung eines Auftrags &hellip; <\/p>\n<p class=\"link-more\"><a href=\"https:\/\/holger-montag.de\/?page_id=1373\" class=\"more-link\"><span class=\"screen-reader-text\">\u201eAutorenlesung + Linoldruck f\u00fcr Grundsch\u00fcler: Erl\u00e4uterungen + FAQs\u201c<\/span> weiterlesen<\/a><\/p>\n","protected":false},"author":1,"featured_media":0,"parent":98,"menu_order":2,"comment_status":"closed","ping_status":"closed","template":"","meta":{"footnotes":""},"class_list":["post-1373","page","type-page","status-publish","hentry"],"_links":{"self":[{"href":"https:\/\/holger-montag.de\/index.php?rest_route=\/wp\/v2\/pages\/1373","targetHints":{"allow":["GET"]}}],"collection":[{"href":"https:\/\/holger-montag.de\/index.php?rest_route=\/wp\/v2\/pages"}],"about":[{"href":"https:\/\/holger-montag.de\/index.php?rest_route=\/wp\/v2\/types\/page"}],"author":[{"embeddable":true,"href":"https:\/\/holger-montag.de\/index.php?rest_route=\/wp\/v2\/users\/1"}],"replies":[{"embeddable":true,"href":"https:\/\/holger-montag.de\/index.php?rest_route=%2Fwp%2Fv2%2Fcomments&post=1373"}],"version-history":[{"count":24,"href":"https:\/\/holger-montag.de\/index.php?rest_route=\/wp\/v2\/pages\/1373\/revisions"}],"predecessor-version":[{"id":1667,"href":"https:\/\/holger-montag.de\/index.php?rest_route=\/wp\/v2\/pages\/1373\/revisions\/1667"}],"up":[{"embeddable":true,"href":"https:\/\/holger-montag.de\/index.php?rest_route=\/wp\/v2\/pages\/98"}],"wp:attachment":[{"href":"https:\/\/holger-montag.de\/index.php?rest_route=%2Fwp%2Fv2%2Fmedia&parent=1373"}],"curies":[{"name":"wp","href":"https:\/\/api.w.org\/{rel}","templated":true}]}}

Autorenlesung + Linoldruck für Grundschüler: Erläuterungen + FAQs

<h2><strong><span style="color: #ff6600;">Erläuterungen + FAQs</span></strong></h2>
<p>&nbsp;</p>
<hr />
<p><strong>Hier finden Sie Infos und Antworten auf Ihre Fragen, zum Beispiel:<br />
</strong></p>
<ol>
<li>Zeitlicher Ablauf</li>
<li>Kosten</li>
<li>Lektüre</li>
<li>Buchverkauf</li>
<li>Maximale Schülerzahl/Klassengröße</li>
<li>Gefahren</li>
<li>Kleidung</li>
<li>Unterschied Linoldruck/Linolschnitt</li>
<li>Vor-/Nacharbeiten durch Klassenleitung</li>
<li>Aufgaben der Klassenleitung</li>
<li>Verweigernde Schüler</li>
<li>Weiterarbeit nach Projektende</li>
<li>Verbleib der Drucke</li>
<li>Werbung für die Schule</li>
<li>Fotografieren</li>
<li>Aufbaukurs für erfahrene Schüler</li>
<li>Workshops für Erwachsene</li>
<li>Stornierung eines Auftrags</li>
<li>Gendern</li>
</ol>
<hr />
<h4><strong>1. Wie ist der zeitliche Ablauf des Projekts &#8222;Autorenlesung und Linoldruck für Grundschüler&#8220;?</strong></h4>
<p>Erläuterungen zur Planung finden Sie hier:  <a href="https://holger-montag.de/?page_id=1379">Zeitlicher Ablauf</a></p>
<h4><strong>2. Wie hoch sind die Kosten für das Projekt &#8222;Autorenlesung und Linoldruck für Grundschüler&#8220;?</strong></h4>
<p>Eine Aufstellung und Erläuterung der Kosten finden Sie hier: <a href="https://holger-montag.de/?page_id=1396">Preise</a></p>
<h4><strong>3. Welche Lektüre planen Sie für welche Klassenstufe ein?</strong></h4>
<p>Alle Lektüren stammen aus meiner Feder &#8211; auch die Märchen-Versionen von &#8222;Schneewittchen&#8220; oder &#8222;Der Kalif Storch&#8220;, die ich von  bekannten Werken (Grimm/Hauff) adaptiert und um Humor und Dialoge angereichert habe.  Die Märchen sind für Klassenstufe 1 + 2 optimal geeignet. Für KS 3 empfehle ich das Kinderbuch &#8222;UXE &amp; die Calaveras&#8220;, für KS 4 &#8222;Der Rocket Män&#8220;.</p>
<h4><strong>4. Finden am Projekttag Buchverkäufe statt?</strong></h4>
<p>Nein. Der Projekttag dreht sich ausschließlich um die Autorenlesung und die Erlernung des Linoldrucks. Möchten Kinder die Lektüre gerne zu Hause zu Ende lesen, können sie das jeweilige Kinderbuch über den Buchhandel beziehen oder &#8211; dann mit einem &#8222;Teilnehmer-/Schulrabatt&#8220; &#8211; in einer Sammelbestellung direkt ab Verlag/Autor über die Klassenleitung beziehen. Widmung + Signatur sind auf Wunsch natürlich inbegriffen.</p>
<h4><strong>5. Welche Schülerzahl/Klassengröße ist möglich?</strong></h4>
<p>Der Workshop ist für je 12 Schüler konzipiert (Doppelworkshop = Zwei Parallelklassen: 25 Schüler), um beispielsweise die Warteschlangen am Drucktisch kurz zu halten. Größere Klassenstärken sind aber nach Absprache möglich. Die einführende Lesung kann vor bis zu 50 Schülern stattfinden, ideal sind &lt;25.</p>
<h4>6. Entspricht der Workshop dem klassischen Linoldruck?</h4>
<p>Der klassische Linoldruck &#8211; eigentlich: Linolschnitt &#8211; wird aus guten Gründen frühestens in Klassenstufe 8/9 unterrichtet, da die verwendeten Schnittmesser allzu gefährdend für kleine Kinderhände wären. Ich habe den Workshop so konzipiert, dass die Grundschüler beim Arbeiten ohne Messer auskommen. Der spätere Linoldruck jedoch entspricht 1:1 der klassischen Vorgehensweise und natürlich arbeiten wir auch mit echter Linolfarbe.</p>
<h4>7. Besteht Verletzungsgefahr für die Schüler?</h4>
<p>Da mein Workshop auf ein messerfreies Arbeiten ausgelegt ist, besteht keine über den normalen Schulbetrieb hinausgehende Verletzungsgefahr.</p>
<h4>8. Gibt es eine Kleiderordnung am Projekttag?</h4>
<p>Etwas Sorgfalt vorausgesetzt, ist auch die Alltagskleidung der Kinder nicht in Gefahr. Auf ausgefallene Fransen- oder Fledermausärmel sollten die Kinder am Projekttag allerdings ebenso verzichten wie auf das Abwischen von Farbe an der Kleidung. Linolfarbe ist zwar wasserlöslich und kann problemlos ausgewaschen werden, eine Garantie hierfür kann ich aber nicht geben. Also dieselben Regeln wie im normalen Kunstunterricht.</p>
<h4><strong>9. Sind Vor- oder Nacharbeiten durch die Klassenleitung erforderlich?</strong></h4>
<p>Nein. Alle Materialien werden durch mich gestellt. Ich übernehme nach der Autorenlesung auch die Vorbereitung des Projektraumes und räume diesen nach Abschluss des Projektes auf.</p>
<h4><strong>10. Worin besteht die Mitarbeit der Klassenleitung am Projekt?</strong></h4>
<p>Manche Schüler benötigen Impulse und Hilfestellung bei der Ausführung der geforderten Vorgänge. Hierbei kann die Klassenleitung Hilfestellung geben und individuell auf die einzelnen Schüler eingehen.</p>
<h4><strong>11. Was ist, wenn ein Schüler beim Projekt nicht mitmachen möchte?</strong></h4>
<p>Ich bin am Projekttag in der jeweiligen Grundschule lediglich ein Gast, der den Schülern ein Angebot macht. Wird dieses von einem Schüler nicht angenommen, kann er sich still an seinem Platz beschäftigen oder in einer anderen Klasse am Unterricht teilnehmen.</p>
<h4><strong>12. Was ist, wenn die Schüler nicht pünktlich zum geplanten Kursende fertig werden?</strong></h4>
<p>Falls gewünscht und möglich, bleibe ich gerne auch noch etwas länger, damit die Schüler ihre begonnenen Werke fertigstellen können. Schließlich ist ein rundum gelungener Projekttag wichtiger als dessen pünktliches Ende.</p>
<h4><strong>13. Was geschieht mit den fertigen Drucken?</strong></h4>
<p>Die Schüler sind in der Regel sehr stolz auf ihre Werke und möchten diese sofort nach Schulende zu Hause vorzeigen.</p>
<h4>14. Bleiben auch Drucke in der Schule, um mit dem Projekt werben zu können?</h4>
<p>Damit aber auch die Schule selbst Drucke zum Vorzeigen und Aushängen hat, &#8211; etwa als Erinnerung im Klassensaal oder am Tag der Offenen Tür -, fertige ich zusätzlich aus einer Motivauswahl ein Klassenplakat an, das in der Schule verbleibt.</p>
<h4>15. Dürfen während des Projekts Fotos durch die Klassenleitung gemacht werden?</h4>
<p>Sie dürfen gerne fotografieren und das Projekt dokumentieren &#8211; zum Beispiel für den Förderverein oder die Schulwebsite.</p>
<h4>16. Machen Sie als Autor Fotos während des Projekts?</h4>
<p>Nein. Aufgrund der rechtlich schwierigen Situation verzichte ich auf das Fotografieren mit Personenbeteiligung während des Projekttages.</p>
<h4><strong>17. Unterrichten Sie auch auf Wunsch mehrmals dieselben Schüler, zum Beispiel im Folgejahr?</strong></h4>
<p>Schüler, die meinen Basis-Workshop bereits im Vorjahr besucht haben, können ihr Wissen um den Linoldruck im Folgejahr ausbauen. Wir beginnen dann nicht mehr bei Null, sondern starten nach einer kurzen Auffrischung mit neuen Motiven. Für größere Grundschüler (ehemals Klassenstufe 3, nun KS 4) biete ich einen Profi-Workshop an, in dessen Rahmen die Schüler die komplexe Kunst des mehrfarbigen Reduktionsdrucks erlernen.</p>
<h4><strong>18. Gibt es auch Linoldruck-Workshops für Erwachsene?</strong></h4>
<p>Selbstverständlich führe ich nicht nur Kinder, sondern auch Erwachsene gerne an die traditionsreiche Kunst des Linoldrucks heran. Kurstermine vereinbare ich in Absprache mit den Interessenten. Gerne merke ich Sie unverbindlich vor und informiere Sie über Terminvorschläge: <a href="mailto:info@holger-montag.de">Unverbindlich vormerken lassen</a></p>
<h4>19. Kann der Auftrag für einen Projekttag kostenlos storniert werden?</h4>
<p>Aber ja. Gebuchte Projekte können bis zu zwei Monate vor Durchführung kostenfrei storniert werden. Bei einer Stornierung bis zu einem Monat vor Durchführung fallen 25 % des Angebotspreises an, bei einer späteren Stornierung 50 % des Angebotspreises. Unterbleibt eine Stornierung oder erfolgt sie in einem Zeitraum von weniger als 24 Stunden vor Durchführung, ist der komplette Angebotspreis (exklusive Fahrtkosten) zu entrichten. Falls ich eigens für das Projekt angereist war, müssen gegebenenfalls auch die bereits angefallenen Unkosten (Übernachtungs- sowie Fahrtkosten) beglichen werden.</p>
<h4><strong>20. Warum gendern Sie nicht?</strong></h4>
<p>Ich respektiere, aber ich gendere zumindest auf meinem Webauftritt nicht (mehr) durchgängig. Eine Entscheidung, die ich gerne revidieren werde, sobald sich eine gut sprech- und lesbare Möglichkeit ergibt, Menschen jedweden Geschlechts achtsam anzusprechen. (Allerdings fiel selbst mir als Schriftsteller bisher keine praktikable Alternative zu Ausschreiben, Kunstbegriffen wie &#8222;Lehrende&#8220;, : und I ein.) Seien Sie versichert, dass ich Sie als Schulleiterinnen und Schulleiter, Lehrerinnen und Lehrer, Mütter und Väter sowie Ihre Töchter, Söhne, Schülerinnen und Schüler respektiere und achte, und zwar unabhängig von ihrer Nationalität, ihres Geschlechts und ihrer Hautfarbe. Ich halte es keineswegs für respektlos, aber für einfacher, in der Projektbeschreibung schlicht von <em>Lehrern</em> und <em>Schülern/Kindern</em> zu sprechen, und hoffe, dass diese Einstellung von Ihnen geteilt oder zumindest akzeptiert wird. Umgekehrt habe ich auch nichts dagegen, wenn Ihre Kinder mich duzen oder <em>Herr Mittwoch</em> nennen. Nicht alles in unserer schönen und begriffsreichen Sprache ist gleich ein Statement oder ein Problem. Und etwas mehr Gelassenheit tut unserer Gesellschaft gut, gerade in diesen schwierigen Zeiten.</p>
<p>&nbsp;</p>
<p>&nbsp;</p>

<p>Erläuterungen + FAQs &nbsp; Hier finden Sie Infos und Antworten auf Ihre Fragen, zum Beispiel: Zeitlicher Ablauf Kosten Lektüre Buchverkauf Maximale Schülerzahl/Klassengröße Gefahren Kleidung Unterschied Linoldruck/Linolschnitt Vor-/Nacharbeiten durch Klassenleitung Aufgaben der Klassenleitung Verweigernde Schüler Weiterarbeit nach Projektende Verbleib der Drucke Werbung für die Schule Fotografieren Aufbaukurs für erfahrene Schüler Workshops für Erwachsene Stornierung eines Auftrags &hellip; </p>
<p class="link-more"><a href="https://holger-montag.de/?page_id=1373" class="more-link"><span class="screen-reader-text">„Autorenlesung + Linoldruck für Grundschüler: Erläuterungen + FAQs“</span> weiterlesen</a></p>
